-9*c + y. What is the tens digit of c?
7
Suppose -i = -4, i - 13 = -4*u + u. Let r be (15/(-12 + 7) - 3) + 237. Suppose -3*s = -0*s + 3*q - r, -3 = u*q. What is the tens digit of s?
7
Suppose 5*s - 47 = -27. Suppose -73 = -4*c - 3*m, s*c - 7*m + 4*m = 103. What is the units digit of c?
2
Suppose 66580 = -6*c + 26*c. What is the hundreds digit of 2 - (-24)/(-9) - c/(-3)?
1
What is the hundreds digit of (-12198)/(-10)*(-410)/(-123)?
0
Let w(h) = -3*h**2 + 9*h + 14. Let f be w(-4). Let l = -41 - f. What is the units digit of l?
9
Let m(w) = w**2 - 5*w - 11. Let y be m(6). Let z be -4*y/(-5)*1/(-2). Suppose 0 = 5*n - 3*n + z, 4*x - 3*n = 227. What is the tens digit of x?
5
Let s be (-3)/4 + (-90)/8. Let f be (s/8 + 2)*4. Suppose 3*p = -f*n + 172, 0 = p - 4*n + 29 - 77. What is the units digit of p?
6
Let k = -3274 - -3301. Let r(t) = t**2 + 4*t - 5. Let y be r(-4). Let f = y + k. What is the tens digit of f?
2
Let n = 1683 - 693. Suppose -4*u = -4*s + 4080, -2*s - 5*u = -s - n. What is the thousands digit of s?
1
Let r(l) = 5*l - 27. Let a be r(6). What is the tens digit of (-11)/(1*a/(-96))?
5
Let w = -325 - -329. What is the units digit of w/(-20) + 10593/15?
6
Let f = -66778 + 104991. What is the hundreds digit of f?
2
Suppose -3*v + v + 58 = -k, 4*k - 4*v = -244. Let q = k + 62. What is the tens digit of q/4 + -2 + 276/8?
3
Let k = -10 - -3. Suppose 3*j - v = -634, -6*j = -3*j - 5*v + 626. What is the tens digit of j/k + -2 - 4/14?
2
Let b = 121 + -124. Let u(j) = 32*j**2 + 4*j + 13. What is the units digit of u(b)?
9
Let a = 112 + -78. Suppose -a = 3*x - 4*w, 4*x = 2*w + 2*w - 40. What is the hundreds digit of -212*(-2 - x/4)?
1
Let t(g) = -1084*g + 23. What is the units digit of t(-5)?
3
Let w(t) = 3*t**3 - 154*t + 155*t + 7 - t**3 - 4*t**3. What is the units digit of w(-3)?
8
Let f(u) = 2*u**2 + 10*u - 3. Let s = -20 + 13. Let o be f(s). Suppose 0 = 5*a - 2*r - 218, -2*a + 39 = 5*r - o. What is the units digit of a?
2
Let s(d) = 21*d**3 - d - 64*d**2 + 71*d**2 + 10*d - 20*d**3 + 3. What is the hundreds digit of s(4)?
2
Let k = 4185 - -4381. What is the thousands digit of k?
8
Let u(j) = 5*j + 40. Let g be u(10). Let i = g + -89. What is the tens digit of (i + 2)*(609/9 + 3)?
1
What is the tens digit of (37331/21)/(-1*1/(-3))?
3
Suppose -7 - 53 = -15*k. Suppose k*g - 1529 = -y, 5*g = 4*g - 5*y + 406. What is the hundreds digit of g?
3
Suppose -1483 + 6521 = v - 4840. What is the hundreds digit of v?
8
Let z = -9938 - -18717. What is the units digit of z?
9
Let z = -361 + 357. What is the units digit of 8082/26 + z/(-26)?
1
What is the hundreds digit of (-14 - (-8651)/2) + 2/4?
3
Suppose 75*x - 196777 = 18*x + 389867. What is the tens digit of x?
9
Suppose -5*s - 3*k + 40295 = 0, -4*k = 4*s - 22587 - 9657. What is the hundreds digit of s?
0
Suppose -19 + 190 = 3*a. Suppose 0 = -v + 55 - a. What is the tens digit of (-5 - v) + (-2 - -93)?
8
Let c be 33/2 - (-171)/114. Let r(u) = -u**2 + 31*u - 194. What is the tens digit of r(c)?
4
Suppose 0 = -4*w + 5*a + 2442, 2*a = w - 2*a - 605. Let l = w + -249. What is the tens digit of l?
6
Let p(u) = -u**2 - 28*u - 13. Let g be p(-28). Let z be (2/(-4))/(g/10556). Suppose 0 = 4*l + 4*a - 428, a + z = 4*l - 22. What is the units digit of l?
7
Suppose 4 = q, 4*m - 2911 + 275 = -5*q. Suppose -57 = -5*r + 3*y + m, 0 = -r + 3*y + 147. What is the units digit of r?
1
Suppose 127*j - 153*j + 131144 + 257504 = 0. What is the hundreds digit of j?
9
What is the thousands digit of (5287 - (-234)/(-18))*(-2 + 4)?
0
Let x(o) = 1051*o + 40*o - 31 - 13. What is the hundreds digit of x(1)?
0
Let s = -5 - -5. Suppose 12*u - 3*u - 3492 = s. What is the tens digit of u?
8
Let p = -115 + 52. Let o = 67 + p. Suppose r - 2*w = o*r - 237, 3*r = w + 237. What is the units digit of r?
9
Suppose -226546 = -3*c + 3*x + 18572, -4*c = 2*x - 326770. What is the tens digit of c?
9
Let r(q) = -q**2 - 5*q - 2. Let j be r(-4). Suppose 3*h = h, 0 = j*f + 2*h + 294. Let z = -5 - f. What is the hundreds digit of z?
1
Suppose 7*z = 3*z + 576. Suppose 5*l = -4*k + 7*k - 342, 0 = -2*l + 3*k - z. Let o = -65 - l. What is the units digit of o?
1
Let x = 4448 + -1297. What is the tens digit of x?
5
Suppose 0 = -4*y + 4*i - 8, -5*y = 2*i + 1 + 2. Let s be (y - -4) + -1 + -72 + 0. Let w = s - -107. What is the units digit of w?
7
Let c be (-1)/(-3) - 1979/(-3). Suppose -1013 + 243 = -7*g. Suppose -107*t + g*t = c. What is the units digit of t?
0
Let l(o) = -o**3 - 9*o**2 + 3*o + 7. Let z be l(-8). Let m = z + 230. What is the hundreds digit of m?
1
Let g(c) = 1405*c**2 - 25*c - 48. What is the thousands digit of g(-2)?
5
Let r(p) = 19*p**2 - 10*p - 16. Suppose 0 = 7*d - 103 + 138. What is the units digit of r(d)?
9
What is the units digit of (9975/475)/((-14)/(-23516))?
4
Let u be (8/4)/((-204)/(-52) + -4). Let z be -65*((-6)/(-39) - (-108)/u). Suppose -8*w = -9*w + z. What is the units digit of w?
0
What is the units digit of (-14 + (-2740)/24)*-12?
8
Let b(i) = -i**2 - 2*i. Let x(a) = 1319*a**2 + 7*a - 2. Let l(m) = 5*b(m) + x(m). What is the hundreds digit of l(-1)?
3
Let b(z) = 8*z + 52. Let t be b(-6). Suppose 4*f - 1836 = -d - 377, -t*f + 1454 = 2*d. What is the tens digit of f?
6
Let m = 1728 + -1721. What is the units digit of m?
7
Let a(i) = 89*i + 2 + 178*i - 198*i. What is the hundreds digit of a(4)?
2
Let q = 6234 + -3988. Suppose 4*s + 33 = 7*s. What is the hundreds digit of q/s - (-2 - (-24)/11)?
2
What is the tens digit of (969/85 + -12 - (-323482)/20)*4?
9
What is the units digit of (0 - -3)*((-62398)/(-42) + -9)?
0
Let c = 2100 - -1252. What is the tens digit of c?
5
Let k = 34090 - 27829. What is the tens digit of k?
6
Let t = 95 + -62. Let v be t*(-7)/((-21)/4) + -2. What is the units digit of (v/(-4))/(11/(-22))?
1
What is the hundreds digit of (-360)/(0 - 10)*-1*111/(-6)?
6
Let f(g) = 8*g + 39. Let b(c) = -2*c - 10. Let a(p) = 9*b(p) + 2*f(p). Let w be a(-13). Suppose -7*y - w = -455. What is the units digit of y?
3
What is the tens digit of (13386/(-184))/(3/(-224)) + -9?
2
Suppose -22568*g + 22555*g + 129519 = 0. What is the units digit of g?
3
Let h be (5 - 15/5)/(2/(-229)). Let c = h - 636. What is the tens digit of 2 + c/(-5) + -1?
7
Let x be 252/(-35)*600/(-16). Suppose 4*k + x = 1322. What is the units digit of k?
3
Let q be (4 + 1 + -3)/((-18)/(-27)). Let w be -102 - (-7 + q + 2). Let u = -14 - w. What is the tens digit of u?
8
Suppose r + 2*o = 2, -2 = -4*r + 3*o - 5. Suppose -s = -r*s. Suppose s = 5*f - 2*f + 3, q - 38 = -4*f. What is the tens digit of q?
4
Let q be 504/(-32)*(-8)/3. Suppose -q = -i + 365. What is the tens digit of i?
0
Suppose -12174 = -2*d - 2*y, 5490 - 23727 = -3*d + 3*y. What is the units digit of d?
3
Let h(x) = 2*x**2 - 3*x - 4. Let s be h(3). Let r = 10895 + -11125. What is the hundreds digit of s + 9/((-9)/r)?
2
What is the hundreds digit of -20*(27852/(-48) - 8)?
7
Let x = 11 + -17. Let c = -26 - x. Let h = c + 101. What is the tens digit of h?
8
Let o(h) = 332*h**2 + 6*h - 50. Let z(j) = 166*j**2 + 3*j - 26. Let w(x) = 3*o(x) - 5*z(x). What is the hundreds digit of w(-3)?
4
Suppose 0 = -5*k - 25, 5*d - 10568 = -2*k + 10102. What is the thousands digit of d?
4
Let r(z) = z**3 + 25*z**2 - 3*z - 70. Let w be r(-25). What is the hundreds digit of w/5 + 577 + -3?
5
Suppose 6*p + 25 = 145. Suppose -10*z + 15*z = -p. What is the tens digit of (6*17)/3 + z?
3
Let i = 301 - 300. What is the units digit of (i + -11)/10 - (-1200)/2?
9
Let j(q) = 2*q**2 + 19*q - 72. Let z = 261 + -249. What is the hundreds digit of j(z)?
4
Let a = -4446 + 4463. Suppose 4*v - 1124 = -232. Suppose 2*o - a - v = 0. What is the units digit of o?
0
Let g(h) = 2*h**3 + 4*h**2 + h + 2. Let k be g(-2). Suppose -6*o + 7*o - 424 = k. Suppose 418 = 3*f + 2*n, 3*f - o = 2*n + 2*n. What is the units digit of f?
0
Let g be (217/2)/((-2)/4). Suppose -y + 231 = -2*b, -3*b = 8*y - 12*y + 344. Let n = b - g. What is the tens digit of n?
0
Suppose -4*y + 365*p + 127722 = 363*p, 0 = 3*y - p - 95793. What is the hundreds digit of y?
9
Suppose -9*a = 2*a + 7535. Let d = 1037 + a. What is the units digit of d?
2
Let c be 3/(0 + 6/(-236)). Suppose 293 + 1732 = 9*n. Let h = c + n. What is the hundreds digit of h?
1
What is the ten thousa